 + 4*u**2 - 6*u - 1. Let m be h(-5). Suppose n*c = m*k + c - 435, 0 = -k + c + 105. List the prime factors of k.
2, 3
Let x(l) = 94*l**2 + 7*l + 44. Let z be x(-4). Suppose 23*a = 987 + z. List the prime factors of a.
109
Suppose 12*s = -31 + 103. What are the prime factors of ((-776)/(-12)*-6)/((-3)/s)?
2, 97
Suppose -2*a + 2*j = -5*a + 97, j - 95 = -3*a. Let q = -26 + a. Suppose q*u = 2*n - 457, -6*n + 2*n + 879 = -3*u. What are the prime factors of n?
2, 3
Let j = 130 - 170. List the prime factors of (j/90*3)/((-2)/273).
2, 7, 13
Let z = 9 + 32. Let i be (72/30)/(22/10 + -2). Suppose z = t - i. List the prime factors of t.
53
Suppose d = 2*i - 12697, 2*i + 3*d = 2*d + 12699. List the prime factors of i.
7, 907
Let o(r) = 2*r**2 - 4*r + 103. Let q be o(-16). List the prime factors of q - ((-10)/25)/((-2)/(-5)).
2, 5, 17
Suppose 17049 - 5583 = 7*z. Suppose -5*c - 223 = -z. What are the prime factors of c?
283
List the prime factors of 65/(-12 - (-584)/48).
2, 3, 5, 13
Let z = -2989 + 4185. Suppose -z = -11*a + 2797. List the prime factors of a.
3, 11
Let a = 219 + -216. Suppose a*n - 85 = 3815. List the prime factors of n.
2, 5, 13
Let q(l) = 11592*l - 139. List the prime factors of q(1).
13, 881
Let p = -5 + 5. Suppose 2*w - 3*w = 5*h + 114, -5*w - 20 = p. What are the prime factors of (h - -19)*(-428)/6?
2, 107
Suppose d - 144 = -3*d - 4*m, 4*m - 20 = 0. Suppose -5*v = -d - 14. Let l = v - -91. What are the prime factors of l?
2, 5
Let q(a) = a**2 - 10*a + 6. Let j be q(5). Let x be -159*2*j/57. Suppose x*w - 105*w - 109 = 0. What are the prime factors of w?
109
Let z(j) = 123*j**3 + 6*j**2 - 16*j + 5. Suppose 6*m - 25 = -13. List the prime factors of z(m).
3, 109
Suppose 211*k - 8390 = 201*k. What are the prime factors of ((-2)/(-11) - (-2508)/(-484)) + k?
2, 3, 139
Let t = -827 - -1015. Let g(a) = a**3 + 4*a**2 + 2*a - 1. Let d be g(-2). Suppose d*o = -4*n + t, -99 - 195 = -5*o + 3*n. What are the prime factors of o?
2, 3, 5
Suppose -7*i = 5*u - 2*i + 170, 56 = -2*u + 2*i. Let a = -27 - u. Suppose y + 4*m = 19, 3*y + 4*m + 27 = a*y. What are the prime factors of y?
23
Let y be 12/21*(-210)/(-12). What are the prime factors of 0 - -366 - (12 - y)?
2, 7, 13
Let z be 200/6*(973/(-35) - -5). Let c = z + 1112. What are the prime factors of c?
2, 11
Let o(f) = f**2 - 22*f + 3. Let c be o(0). Let a(b) = -88*b - 42. Let t(p) = 29*p + 14. Let g(y) = 5*a(y) + 16*t(y). What are the prime factors of g(c)?
2, 43
Let s be -12*8/(-2)*(-6)/(-6). Let m = s - 44. What are the prime factors of m/(-3)*(-2 - 91)?
2, 31
Let x be 84/((-2)/10 + 190/200). Suppose x = 3*k - 2. Let c = k - 18. What are the prime factors of c?
2, 5
Let m(a) = a + 336. Let z be m(16). Let l = z - -606. What are the prime factors of l?
2, 479
Let i(c) = -15*c**3 + 4*c**2 - 6*c - 1. Let a(q) = -8*q**3 + 2*q**2 - 3*q - 1. Let o(v) = 7*a(v) - 4*i(v). List the prime factors of o(5).
2, 3, 7, 11
Suppose 3*i = -78 + 234. Let h = i + -42. List the prime factors of ((-3576)/h)/(-3) - (-2)/(-10).
7, 17
Let m(q) = -q**3 + 7*q**2 - 8*q + 13. Let z be m(6). Let c(i) = 2*i - 1. Let k be c(z). Suppose 5*n - 4*y - 518 = -y, k = -y. What are the prime factors of n?
103
Let a = 10614 - -8217. List the prime factors of a.
3, 6277
List the prime factors of 1 + (-24)/26 + 4037856/624.
3, 719
Let d(g) = -9*g**2 - 4*g - 3. Let y be d(-1). Let h(x) = x**2 + 5*x + 6. Let c be h(y). Suppose -3*q = -219 + c. What are the prime factors of q?
3, 7
Suppose -63*j + 513302 = -12*j - 963505. List the prime factors of j.
23, 1259
Let t = 632 + -544. Suppose -t*q + 78*q + 7950 = 0. What are the prime factors of q?
3, 5, 53
Suppose -3*g - 3 = 4*h, -6*h - 18 = -3*g - 3*h. Suppose 2*d = 4*s - 3026, -6*s - g*d - 3781 = -11*s. List the prime factors of s.
2, 379
Suppose 4*z + 2*c = 66972, -5*c + 83715 = -27*z + 32*z. List the prime factors of z.
3, 5581
Let q be 2/4 + (3 - 6/(-4)). What are the prime factors of 832/(-130)*(-255)/6*q?
2, 5, 17
Let m = -13575 - -23505. List the prime factors of m.
2, 3, 5, 331
Let x(w) = 23*w - 15. Let o(v) = -68*v + 45. Let z = -31 - -28. Let m(p) = z*o(p) - 8*x(p). What are the prime factors of m(4)?
5, 13
Let w = -45 + 28. Let i be 2/w + (-756)/(-68). Let u(l) = l**2 + l - 3. List the prime factors of u(i).
3, 43
List the prime factors of ((-136)/20)/(105/(-359100)).
2, 3, 17, 19
Let i(k) be the first derivative of 23*k + 8 + 27/2*k**2 + 2/3*k**3. List the prime factors of i(-16).
103
Let t(d) = -d**3 + d**2 + d + 152. Suppose -5*j - j = -j. Let q be t(j). Suppose -130 - q = -3*o. What are the prime factors of o?
2, 47
Let o be -4 + 0 + 2*178. Suppose -5*c + o = -c. Suppose -5*q + 243 = c. What are the prime factors of q?
31
Suppose -19*d - 180 = d. Let q(w) = -127*w - 147. What are the prime factors of q(d)?
2, 3, 83
Let x(i) = i**2 - 6*i - 19. Let q be x(8). Let b be (((-74)/q)/(-2))/(5/60). Let c = -106 - b. List the prime factors of c.
2, 3, 7
Suppose -186772 + 46078 = -15*m + 13956. List the prime factors of m.
2, 5, 1031
Let k = -7619 + 24833. What are the prime factors of k?
2, 3, 19, 151
Let u(g) = -4*g - 35. Let k(w) = 9*w + 70. Let c(m) = -3*k(m) - 7*u(m). Let a be c(-10). Suppose 7*j + a = 459. List the prime factors of j.
2, 31
Let b(k) = 67*k**2 - k + 1. Let i(j) = -j**2 + 7*j - 2. Let q be i(5). Suppose -2*h + 3 = -z - 1, 5*z + q = -2*h. What are the prime factors of b(h)?
67
Suppose 3*k + 3*o = 7017, -2*k - 65*o = -62*o - 4679. List the prime factors of k.
2, 7, 167
Suppose 0 = 4*l - 4, -72*l + 67*l = 5*c - 60680. What are the prime factors of c?
3, 5, 809
Let i be (-1821343)/533 + ((-84)/(-39) - 2). List the prime factors of (i/(-18))/(2/12).
17, 67
Let o = -381 + 376. List the prime factors of (15*(-16 - o))/((-3)/12).
2, 3, 5, 11
Let k be -3 - (-5)/(20/8). What are the prime factors of ((-39)/9)/(k/87)?
13, 29
Let s be 4*(-7)/14 + 2. Suppose 217*m - 219*m + 1288 = s. List the prime factors of m.
2, 7, 23
Let r(x) = -12*x**2 - 5*x - 29. Let z be r(-7). Let v = z - -1306. What are the prime factors of v?
2, 181
List the prime factors of (3705/60)/((-2)/(-1720)).
5, 13, 19, 43
Let f(o) = 98*o**2 - 10*o + 18. Let g be f(8). Suppose 4*p = -11*p + g. List the prime factors of (-2)/3*p/(-4).
3, 23
Let k be 10308*-3*(-9)/27. Suppose -33*j + 15267 + k = 0. What are the prime factors of j?
5, 31
Let b(c) = 2387*c + 538. What are the prime factors of b(2)?
2, 83
Suppose 11*z = 13*z - 1940. Let r = z + 479. What are the prime factors of r?
3, 7, 23
Let k be (10/(-15))/((-22)/18 + 1). Suppose -5*j + 2*j - k = 0. List the prime factors of 3/6 - (j + 142/(-4)).
37
Let v(c) be the third derivative of 293*c**4/24 - 5*c**3/6 - 2*c**2 + 18*c. List the prime factors of v(1).
2, 3
Suppose -5*k = 3*y - 85918, 2*k + 3*y = 11862 + 22516. What are the prime factors of k?
2, 5, 859
Let b be (-3)/(-6)*2*-2. Let h be b*(0 - (-15)/(-10)). Suppose 30 = 5*n + 3*v, 0 = h*v - 4*v. List the prime factors of n.
2, 3
Suppose -t + 3*r = -0*r - 13, -4*t = -2*r - 32. Suppose -1283 = -t*b + 6123. What are the prime factors of b?
2, 23
Let i = 2557 - 1518. Let x = i - 635. List the prime factors of x.
2, 101
Let v(x) be the second derivative of 3*x**3/2 - 19*x**2/2 + 4*x. Let r be v(2). What are the prime factors of (0 - -1)/r + 50?
7
Let d be (-47 + -3207)/((-2)/8). Suppose 0 = -7*l - l + d. List the prime factors of l.
1627
Let x(m) = 4*m + 91. Let o = 119 + -119. What are the prime factors of x(o)?
7, 13
Suppose -806*a - 4391574 = -872*a. What are the prime factors of a?
11, 23, 263
Suppose 105142 = 48*q - 98191 - 51403. What are the prime factors of q?
3, 29, 61
Let m = -36 - -22. Let h be 96/42 - (-4)/m. Suppose -4*f - h*s + 7*s + 303 = 0, 5*f - 2*s = 383. What are the prime factors of f?
7, 11
Let p be (-198)/(-15)*440/33. Suppose -17 = -k + p. What are the prime factors of k?
193
Let l = 295 - 283. List the prime factors of (-30)/((-6)/l*4).
3, 5
Let i = 135 + -138. Let o be (4/(-6))/(i + (-64)/(-24)). Suppose 5*h - 444 = -0*r + r, o*r - 2 = 0. What are the prime factors of h?
89
Suppose -11*f + 15*f = 5*g + 1, -3*f = -2*g + 1. What are the prime factors of (f + 4/(-8))/(-3)*614?
307
Let b(o) = 5*o**2 - 32*o - 17. Let h(s) = 2*s**2 - 16*s - 8. Suppose -3*r - 4 - 23 = 0. Let c(j) = r*h(j) + 4*b(j). L